{"id":17,"date":"2024-09-27T17:14:26","date_gmt":"2024-09-27T15:14:26","guid":{"rendered":"https:\/\/www.amvmeca.com\/fr\/?page_id=17"},"modified":"2024-10-03T11:54:08","modified_gmt":"2024-10-03T09:54:08","slug":"presentation","status":"publish","type":"page","link":"https:\/\/www.amvmeca.com\/fr\/presentation","title":{"rendered":"L&rsquo;entreprise"},"content":{"rendered":"<div  class='flex_column av-2ghyx-ea415d4a56fecb69b017c8d3739b89e7 av_one_full  avia-builder-el-0  el_before_av_three_fifth  avia-builder-el-first  first flex_column_div  '     ><style type=\"text\/css\" data-created_by=\"avia_inline_auto\" id=\"style-css-av-m1kwgo0d-ec55e9b14a8db5e3684663a8988235d9\">\n#top .av-special-heading.av-m1kwgo0d-ec55e9b14a8db5e3684663a8988235d9{\npadding-bottom:10px;\n}\nbody .av-special-heading.av-m1kwgo0d-ec55e9b14a8db5e3684663a8988235d9 .av-special-heading-tag .heading-char{\nfont-size:25px;\n}\n.av-special-heading.av-m1kwgo0d-ec55e9b14a8db5e3684663a8988235d9 .av-subheading{\nfont-size:15px;\n}\n<\/style>\n<div  class='av-special-heading av-m1kwgo0d-ec55e9b14a8db5e3684663a8988235d9 av-special-heading-h1 blockquote modern-quote  avia-builder-el-1  avia-builder-el-no-sibling '><h1 class='av-special-heading-tag '  itemprop=\"headline\"  >Pr\u00e9sentation<\/h1><div class=\"special-heading-border\"><div class=\"special-heading-inner-border\"><\/div><\/div><\/div><\/div>\n<div  class='flex_column av-28pyd-0b59fc65d2debd9ddb893cd8761b3e47 av_three_fifth  avia-builder-el-2  el_after_av_one_full  el_before_av_two_fifth  first flex_column_div  column-top-margin'     ><section  class='av_textblock_section av-m1kwhje2-11040896e16565dfc0e67732b83ec29f '   itemscope=\"itemscope\" itemtype=\"https:\/\/schema.org\/CreativeWork\" ><div class='avia_textblock'  itemprop=\"text\" ><h2><strong>AMVMECA<\/strong>, un savoir faire unique !<\/h2>\n<p>Les Ateliers M\u00e9caniques du Velay, mondialement connus sous la marque AMV, ont \u00e9t\u00e9 cr\u00e9\u00e9s \u00e0 Yssingeaux il y a maintenant plus de 50 ans par un ancien salari\u00e9 de la soci\u00e9t\u00e9 CREUSOT LOIRE, Monsieur GUILLAUMONT.<\/p>\n<p>Inventeur de la lame circulaire \u00e0 segments, un des leaders mondiaux de la fraise scie, la soci\u00e9t\u00e9 AMV est tr\u00e8s rapidement devenue un acteur incontournable du couteau industriel (et de la lame industrielle&#8230;).<\/p>\n<p>Pass\u00e9e dans les mains de fonds de pensions dans les ann\u00e9es 1980, puis d&rsquo;actionaires anglais dans les ann\u00e9es 1990, la soci\u00e9t\u00e9 AMV est rebaptis\u00e9e AMVDIAM lors de sa reprise par le groupe DIAM dans les ann\u00e9es 2000, et continue \u00e0 fournir ses produits \u00e0 travers la France gr\u00e2ce \u00e0 la soci\u00e9t\u00e9 AMVSERVICE et aux USA gr\u00e2ce \u00e0 la soci\u00e9t\u00e9 AMVINTERNATIONAL situ\u00e9e \u00e0 Rockford en ILLINOIS, le reste du monde \u00e9tant servi directement par AMVDIAM.<\/p>\n<\/div><\/section><\/div><div  class='flex_column av-1euyd-8af842ed52971aedb470e504d765b62d av_two_fifth  avia-builder-el-4  el_after_av_three_fifth  el_before_av_one_full  flex_column_div  column-top-margin'     ><p>\n<style type=\"text\/css\" data-created_by=\"avia_inline_auto\" id=\"style-css-av-m1kwzbqd-1cc00663ef2b597bf1a803d3d528fc50\">\n#top .hr.hr-invisible.av-m1kwzbqd-1cc00663ef2b597bf1a803d3d528fc50{\nheight:25px;\n}\n<\/style>\n<div  class='hr av-m1kwzbqd-1cc00663ef2b597bf1a803d3d528fc50 hr-invisible  avia-builder-el-5  el_before_av_slideshow  avia-builder-el-first '><span class='hr-inner '><span class=\"hr-inner-style\"><\/span><\/span><\/div><br \/>\n<div  class='avia-slideshow av-m1kwycfa-bf2ed142c56890aca4052664f193d5ea avia-slideshow-no scaling av_slideshow avia-fade-slider  avia-builder-el-6  el_after_av_hr  avia-builder-el-last  av-slideshow-ui av-control-hidden av-no-slider-navigation av-hide-nav-arrows av-slideshow-autoplay av-loop-endless av-loop-manual-endless av-default-height-applied avia-slideshow-1' data-slideshow-options=\"{&quot;animation&quot;:&quot;fade&quot;,&quot;autoplay&quot;:true,&quot;loop_autoplay&quot;:&quot;endless&quot;,&quot;interval&quot;:4,&quot;loop_manual&quot;:&quot;manual-endless&quot;,&quot;autoplay_stopper&quot;:false,&quot;noNavigation&quot;:true,&quot;bg_slider&quot;:false,&quot;keep_padding&quot;:false,&quot;hoverpause&quot;:false,&quot;show_slide_delay&quot;:0}\"  itemprop=\"image\" itemscope=\"itemscope\" itemtype=\"https:\/\/schema.org\/ImageObject\" ><ul class='avia-slideshow-inner ' style='padding-bottom: 75%;'><li  class='avia-slideshow-slide av-m1kwycfa-bf2ed142c56890aca4052664f193d5ea__0  slide-1 slide-odd'><div data-rel='slideshow-1' class='avia-slide-wrap '   ><img decoding=\"async\" fetchpriority=\"high\" class=\"wp-image-46 avia-img-lazy-loading-not-46\"  src=\"https:\/\/www.amvmeca.com\/wp-content\/uploads\/2024\/09\/facade-usine-AMVMECA-1.jpg\" width=\"448\" height=\"336\" title='facade-usine-AMVMECA-1' alt=''  itemprop=\"thumbnailUrl\" srcset=\"https:\/\/www.amvmeca.com\/wp-content\/uploads\/2024\/09\/facade-usine-AMVMECA-1.jpg 448w, https:\/\/www.amvmeca.com\/wp-content\/uploads\/2024\/09\/facade-usine-AMVMECA-1-300x225.jpg 300w\" sizes=\"(max-width: 448px) 100vw, 448px\" \/><\/div><\/li><li  class='avia-slideshow-slide av-m1kwycfa-bf2ed142c56890aca4052664f193d5ea__1  slide-2 slide-even'><div data-rel='slideshow-1' class='avia-slide-wrap '   ><img decoding=\"async\" fetchpriority=\"high\" class=\"wp-image-47 avia-img-lazy-loading-not-47\"  src=\"https:\/\/www.amvmeca.com\/wp-content\/uploads\/2024\/09\/facade-usine-AMVMECA-2.jpg\" width=\"448\" height=\"336\" title='facade-usine-AMVMECA-2' alt=''  itemprop=\"thumbnailUrl\" srcset=\"https:\/\/www.amvmeca.com\/wp-content\/uploads\/2024\/09\/facade-usine-AMVMECA-2.jpg 448w, https:\/\/www.amvmeca.com\/wp-content\/uploads\/2024\/09\/facade-usine-AMVMECA-2-300x225.jpg 300w\" sizes=\"(max-width: 448px) 100vw, 448px\" \/><\/div><\/li><\/ul><div class='avia-slideshow-arrows avia-slideshow-controls' ><a href='#prev' class='prev-slide  avia-svg-icon avia-font-svg_entypo-fontello' data-av_svg_icon='left-open-big' data-av_iconset='svg_entypo-fontello' tabindex='-1' title=\"Pr\u00e9c\u00e9dent\"><svg version=\"1.1\" xmlns=\"http:\/\/www.w3.org\/2000\/svg\" width=\"15\" height=\"32\" viewBox=\"0 0 15 32\" preserveAspectRatio=\"xMidYMid meet\" aria-labelledby='av-svg-title-1' aria-describedby='av-svg-desc-1' role=\"graphics-symbol\" aria-hidden=\"true\">\n<title id='av-svg-title-1'>Pr\u00e9c\u00e9dent<\/title>\n<desc id='av-svg-desc-1'>Pr\u00e9c\u00e9dent<\/desc>\n<path d=\"M14.464 27.84q0.832 0.832 0 1.536-0.832 0.832-1.536 0l-12.544-12.608q-0.768-0.768 0-1.6l12.544-12.608q0.704-0.832 1.536 0 0.832 0.704 0 1.536l-11.456 11.904z\"><\/path>\n<\/svg><span class='avia_hidden_link_text'>Pr\u00e9c\u00e9dent<\/span><\/a><a href='#next' class='next-slide  avia-svg-icon avia-font-svg_entypo-fontello' data-av_svg_icon='right-open-big' data-av_iconset='svg_entypo-fontello' tabindex='-1' title=\"Suivant\"><svg version=\"1.1\" xmlns=\"http:\/\/www.w3.org\/2000\/svg\" width=\"15\" height=\"32\" viewBox=\"0 0 15 32\" preserveAspectRatio=\"xMidYMid meet\" aria-labelledby='av-svg-title-2' aria-describedby='av-svg-desc-2' role=\"graphics-symbol\" aria-hidden=\"true\">\n<title id='av-svg-title-2'>Suivant<\/title>\n<desc id='av-svg-desc-2'>Suivant<\/desc>\n<path d=\"M0.416 27.84l11.456-11.84-11.456-11.904q-0.832-0.832 0-1.536 0.832-0.832 1.536 0l12.544 12.608q0.768 0.832 0 1.6l-12.544 12.608q-0.704 0.832-1.536 0-0.832-0.704 0-1.536z\"><\/path>\n<\/svg><span class='avia_hidden_link_text'>Suivant<\/span><\/a><\/div><\/div><\/p><\/div><\/p>\n<div  class='flex_column av-zhel-af351e7872001a6c32c3844337ba53f5 av_one_full  avia-builder-el-7  el_after_av_two_fifth  avia-builder-el-last  first flex_column_div  '     ><section  class='av_textblock_section av-m1kwk0oj-4e5306735b27ef9780f1b4c54c6665df '   itemscope=\"itemscope\" itemtype=\"https:\/\/schema.org\/CreativeWork\" ><div class='avia_textblock'  itemprop=\"text\" ><p>Suite \u00e0 la hausse de la mati\u00e8re premi\u00e8re (+ que doubl\u00e9e) au milieu des ann\u00e9es 2000, et \u00e0 la faiblesse du dollars (baisse de plus de 30%, AMVDIAM, faisant plus de 50% de son CA \u00e0 l&rsquo;exportation, vendait une grande partie de son CA en dollars), la soci\u00e9t\u00e9 AMVDIAM a \u00e9t\u00e9 mise en sauvegarde en avril 2008 puis en redressement judiciaire en d\u00e9cembre 2008.<\/p>\n<p>Reprise en f\u00e9vrier 2009 par 3 actionnaires, dont un ancien responsable de l&rsquo;usine, R\u00e9gis Duboys de Lavigerie, l&rsquo;activit\u00e9 couteaux industriels (et lames industrielles) de la soci\u00e9t\u00e9 AMVDIAM devenue <strong>AMVMECA<\/strong>, a su redonner confiance \u00e0 ses partenaires, clients et fournisseurs.<\/p>\n<p><img loading=\"lazy\" decoding=\"async\" class=\"alignleft size-full wp-image-42\" src=\"https:\/\/www.amvmeca.com\/wp-content\/uploads\/2024\/09\/amvmeca_logistique.jpg\" alt=\"amvmeca logistique\" width=\"203\" height=\"360\" srcset=\"https:\/\/www.amvmeca.com\/wp-content\/uploads\/2024\/09\/amvmeca_logistique.jpg 203w, https:\/\/www.amvmeca.com\/wp-content\/uploads\/2024\/09\/amvmeca_logistique-169x300.jpg 169w\" sizes=\"auto, (max-width: 203px) 100vw, 203px\" \/>Aujourd&rsquo;hui <strong>AMVMECA<\/strong>, forte d&rsquo;une situation financi\u00e8re saine, renforce sa proximit\u00e9 aupr\u00e8s de ses clients en ouvrant un bureau d&rsquo;\u00e9tudes.<\/p>\n<p><strong>AMVMECA<\/strong> devient un vrai partenaire avec les fabricants dans le d\u00e9veloppement de nouvelles machines de coupe.<\/p>\n<p><strong>AMVMECA<\/strong> est aussi le partenaire privil\u00e9gi\u00e9 des utilisateurs qui souhaitent optimiser le co\u00fbt de leur process.<\/p>\n<p><strong>AMVMECA<\/strong> est disponible pour \u00e9tudier avec les techniciens les am\u00e9liorations \u00e0 apporter (mati\u00e8re, aff\u00fbtage, \u00e9tat de surface, rev\u00eatement&#8230;) dans leur probl\u00e9matique de coupe.<\/p>\n<p><img loading=\"lazy\" decoding=\"async\" class=\"alignright size-full wp-image-44\" src=\"https:\/\/www.amvmeca.com\/wp-content\/uploads\/2024\/09\/amvmeca-origine-france-garantie.jpg\" alt=\"\" width=\"150\" height=\"164\" \/>Le 26 juin 2012, <strong>AMVMECA<\/strong> a obtenu la certification Origine France Garantie, certifiant que nos produits sont fabriqu\u00e9s en France. Cette certification a \u00e9t\u00e9 valid\u00e9e lors de l&rsquo;audit de suivi de juin 2013, 2014 et 2015.<\/p>\n<p>Le 15 juillet 2012, <strong>AMVMECA<\/strong> d\u00e9m\u00e9nage sur un nouveau site, enti\u00e8rement cr\u00e9\u00e9 autour de notre flux de production revu.<\/p>\n<\/div><\/section><\/div>\n","protected":false},"excerpt":{"rendered":"","protected":false},"author":1,"featured_media":0,"parent":0,"menu_order":0,"comment_status":"closed","ping_status":"closed","template":"","meta":{"footnotes":""},"class_list":["post-17","page","type-page","status-publish","hentry"],"_links":{"self":[{"href":"https:\/\/www.amvmeca.com\/fr\/wp-json\/wp\/v2\/pages\/17","targetHints":{"allow":["GET"]}}],"collection":[{"href":"https:\/\/www.amvmeca.com\/fr\/wp-json\/wp\/v2\/pages"}],"about":[{"href":"https:\/\/www.amvmeca.com\/fr\/wp-json\/wp\/v2\/types\/page"}],"author":[{"embeddable":true,"href":"https:\/\/www.amvmeca.com\/fr\/wp-json\/wp\/v2\/users\/1"}],"replies":[{"embeddable":true,"href":"https:\/\/www.amvmeca.com\/fr\/wp-json\/wp\/v2\/comments?post=17"}],"version-history":[{"count":1,"href":"https:\/\/www.amvmeca.com\/fr\/wp-json\/wp\/v2\/pages\/17\/revisions"}],"predecessor-version":[{"id":473,"href":"https:\/\/www.amvmeca.com\/fr\/wp-json\/wp\/v2\/pages\/17\/revisions\/473"}],"wp:attachment":[{"href":"https:\/\/www.amvmeca.com\/fr\/wp-json\/wp\/v2\/media?parent=17"}],"curies":[{"name":"wp","href":"https:\/\/api.w.org\/{rel}","templated":true}]}}

<div  class='flex_column av-2ghyx-ea415d4a56fecb69b017c8d3739b89e7 av_one_full  avia-builder-el-0  el_before_av_three_fifth  avia-builder-el-first  first flex_column_div  '     ><style type="text/css" data-created_by="avia_inline_auto" id="style-css-av-m1kwgo0d-ec55e9b14a8db5e3684663a8988235d9">
#top .av-special-heading.av-m1kwgo0d-ec55e9b14a8db5e3684663a8988235d9{
padding-bottom:10px;
}
body .av-special-heading.av-m1kwgo0d-ec55e9b14a8db5e3684663a8988235d9 .av-special-heading-tag .heading-char{
font-size:25px;
}
.av-special-heading.av-m1kwgo0d-ec55e9b14a8db5e3684663a8988235d9 .av-subheading{
font-size:15px;
}
</style>
<div  class='av-special-heading av-m1kwgo0d-ec55e9b14a8db5e3684663a8988235d9 av-special-heading-h1 blockquote modern-quote  avia-builder-el-1  avia-builder-el-no-sibling '><h1 class='av-special-heading-tag '  itemprop="headline"  >Présentation</h1><div class="special-heading-border"><div class="special-heading-inner-border"></div></div></div></div>
<div  class='flex_column av-28pyd-0b59fc65d2debd9ddb893cd8761b3e47 av_three_fifth  avia-builder-el-2  el_after_av_one_full  el_before_av_two_fifth  first flex_column_div  column-top-margin'     ><section  class='av_textblock_section av-m1kwhje2-11040896e16565dfc0e67732b83ec29f '   itemscope="itemscope" itemtype="https://schema.org/CreativeWork" ><div class='avia_textblock'  itemprop="text" ><h2><strong>AMVMECA</strong>, un savoir faire unique !</h2>
<p>Les Ateliers Mécaniques du Velay, mondialement connus sous la marque AMV, ont été créés à Yssingeaux il y a maintenant plus de 50 ans par un ancien salarié de la société CREUSOT LOIRE, Monsieur GUILLAUMONT.</p>
<p>Inventeur de la lame circulaire à segments, un des leaders mondiaux de la fraise scie, la société AMV est très rapidement devenue un acteur incontournable du couteau industriel (et de la lame industrielle&#8230;).</p>
<p>Passée dans les mains de fonds de pensions dans les années 1980, puis d&rsquo;actionaires anglais dans les années 1990, la société AMV est rebaptisée AMVDIAM lors de sa reprise par le groupe DIAM dans les années 2000, et continue à fournir ses produits à travers la France grâce à la société AMVSERVICE et aux USA grâce à la société AMVINTERNATIONAL située à Rockford en ILLINOIS, le reste du monde étant servi directement par AMVDIAM.</p>
</div></section></div><div  class='flex_column av-1euyd-8af842ed52971aedb470e504d765b62d av_two_fifth  avia-builder-el-4  el_after_av_three_fifth  el_before_av_one_full  flex_column_div  column-top-margin'     ><p>
<style type="text/css" data-created_by="avia_inline_auto" id="style-css-av-m1kwzbqd-1cc00663ef2b597bf1a803d3d528fc50">
#top .hr.hr-invisible.av-m1kwzbqd-1cc00663ef2b597bf1a803d3d528fc50{
height:25px;
}
</style>
<div  class='hr av-m1kwzbqd-1cc00663ef2b597bf1a803d3d528fc50 hr-invisible  avia-builder-el-5  el_before_av_slideshow  avia-builder-el-first '><span class='hr-inner '><span class="hr-inner-style"></span></span></div><br />
<div  class='avia-slideshow av-m1kwycfa-bf2ed142c56890aca4052664f193d5ea avia-slideshow-no scaling av_slideshow avia-fade-slider  avia-builder-el-6  el_after_av_hr  avia-builder-el-last  av-slideshow-ui av-control-hidden av-no-slider-navigation av-hide-nav-arrows av-slideshow-autoplay av-loop-endless av-loop-manual-endless av-default-height-applied avia-slideshow-1' data-slideshow-options="{&quot;animation&quot;:&quot;fade&quot;,&quot;autoplay&quot;:true,&quot;loop_autoplay&quot;:&quot;endless&quot;,&quot;interval&quot;:4,&quot;loop_manual&quot;:&quot;manual-endless&quot;,&quot;autoplay_stopper&quot;:false,&quot;noNavigation&quot;:true,&quot;bg_slider&quot;:false,&quot;keep_padding&quot;:false,&quot;hoverpause&quot;:false,&quot;show_slide_delay&quot;:0}"  itemprop="image" itemscope="itemscope" itemtype="https://schema.org/ImageObject" ><ul class='avia-slideshow-inner ' style='padding-bottom: 75%;'><li  class='avia-slideshow-slide av-m1kwycfa-bf2ed142c56890aca4052664f193d5ea__0  slide-1 slide-odd'><div data-rel='slideshow-1' class='avia-slide-wrap '   ><img decoding="async" fetchpriority="high" class="wp-image-46 avia-img-lazy-loading-not-46"  src="https://www.amvmeca.com/wp-content/uploads/2024/09/facade-usine-AMVMECA-1.jpg" width="448" height="336" title='facade-usine-AMVMECA-1' alt=''  itemprop="thumbnailUrl" srcset="https://www.amvmeca.com/wp-content/uploads/2024/09/facade-usine-AMVMECA-1.jpg 448w, https://www.amvmeca.com/wp-content/uploads/2024/09/facade-usine-AMVMECA-1-300x225.jpg 300w" sizes="(max-width: 448px) 100vw, 448px" /></div></li><li  class='avia-slideshow-slide av-m1kwycfa-bf2ed142c56890aca4052664f193d5ea__1  slide-2 slide-even'><div data-rel='slideshow-1' class='avia-slide-wrap '   ><img decoding="async" fetchpriority="high" class="wp-image-47 avia-img-lazy-loading-not-47"  src="https://www.amvmeca.com/wp-content/uploads/2024/09/facade-usine-AMVMECA-2.jpg" width="448" height="336" title='facade-usine-AMVMECA-2' alt=''  itemprop="thumbnailUrl" srcset="https://www.amvmeca.com/wp-content/uploads/2024/09/facade-usine-AMVMECA-2.jpg 448w, https://www.amvmeca.com/wp-content/uploads/2024/09/facade-usine-AMVMECA-2-300x225.jpg 300w" sizes="(max-width: 448px) 100vw, 448px" /></div></li></ul><div class='avia-slideshow-arrows avia-slideshow-controls' ><a href='#prev' class='prev-slide  avia-svg-icon avia-font-svg_entypo-fontello' data-av_svg_icon='left-open-big' data-av_iconset='svg_entypo-fontello' tabindex='-1' title="Précédent"><svg version="1.1" xmlns="http://www.w3.org/2000/svg" width="15" height="32" viewBox="0 0 15 32" preserveAspectRatio="xMidYMid meet" aria-labelledby='av-svg-title-1' aria-describedby='av-svg-desc-1' role="graphics-symbol" aria-hidden="true">
<title id='av-svg-title-1'>Précédent</title>
<desc id='av-svg-desc-1'>Précédent</desc>
<path d="M14.464 27.84q0.832 0.832 0 1.536-0.832 0.832-1.536 0l-12.544-12.608q-0.768-0.768 0-1.6l12.544-12.608q0.704-0.832 1.536 0 0.832 0.704 0 1.536l-11.456 11.904z"></path>
</svg><span class='avia_hidden_link_text'>Précédent</span></a><a href='#next' class='next-slide  avia-svg-icon avia-font-svg_entypo-fontello' data-av_svg_icon='right-open-big' data-av_iconset='svg_entypo-fontello' tabindex='-1' title="Suivant"><svg version="1.1" xmlns="http://www.w3.org/2000/svg" width="15" height="32" viewBox="0 0 15 32" preserveAspectRatio="xMidYMid meet" aria-labelledby='av-svg-title-2' aria-describedby='av-svg-desc-2' role="graphics-symbol" aria-hidden="true">
<title id='av-svg-title-2'>Suivant</title>
<desc id='av-svg-desc-2'>Suivant</desc>
<path d="M0.416 27.84l11.456-11.84-11.456-11.904q-0.832-0.832 0-1.536 0.832-0.832 1.536 0l12.544 12.608q0.768 0.832 0 1.6l-12.544 12.608q-0.704 0.832-1.536 0-0.832-0.704 0-1.536z"></path>
</svg><span class='avia_hidden_link_text'>Suivant</span></a></div></div></p></div></p>
<div  class='flex_column av-zhel-af351e7872001a6c32c3844337ba53f5 av_one_full  avia-builder-el-7  el_after_av_two_fifth  avia-builder-el-last  first flex_column_div  '     ><section  class='av_textblock_section av-m1kwk0oj-4e5306735b27ef9780f1b4c54c6665df '   itemscope="itemscope" itemtype="https://schema.org/CreativeWork" ><div class='avia_textblock'  itemprop="text" ><p>Suite à la hausse de la matière première (+ que doublée) au milieu des années 2000, et à la faiblesse du dollars (baisse de plus de 30%, AMVDIAM, faisant plus de 50% de son CA à l&rsquo;exportation, vendait une grande partie de son CA en dollars), la société AMVDIAM a été mise en sauvegarde en avril 2008 puis en redressement judiciaire en décembre 2008.</p>
<p>Reprise en février 2009 par 3 actionnaires, dont un ancien responsable de l&rsquo;usine, Régis Duboys de Lavigerie, l&rsquo;activité couteaux industriels (et lames industrielles) de la société AMVDIAM devenue <strong>AMVMECA</strong>, a su redonner confiance à ses partenaires, clients et fournisseurs.</p>
<p><img loading="lazy" decoding="async" class="alignleft size-full wp-image-42" src="https://www.amvmeca.com/wp-content/uploads/2024/09/amvmeca_logistique.jpg" alt="amvmeca logistique" width="203" height="360" srcset="https://www.amvmeca.com/wp-content/uploads/2024/09/amvmeca_logistique.jpg 203w, https://www.amvmeca.com/wp-content/uploads/2024/09/amvmeca_logistique-169x300.jpg 169w" sizes="auto, (max-width: 203px) 100vw, 203px" />Aujourd&rsquo;hui <strong>AMVMECA</strong>, forte d&rsquo;une situation financière saine, renforce sa proximité auprès de ses clients en ouvrant un bureau d&rsquo;études.</p>
<p><strong>AMVMECA</strong> devient un vrai partenaire avec les fabricants dans le développement de nouvelles machines de coupe.</p>
<p><strong>AMVMECA</strong> est aussi le partenaire privilégié des utilisateurs qui souhaitent optimiser le coût de leur process.</p>
<p><strong>AMVMECA</strong> est disponible pour étudier avec les techniciens les améliorations à apporter (matière, affûtage, état de surface, revêtement&#8230;) dans leur problématique de coupe.</p>
<p><img loading="lazy" decoding="async" class="alignright size-full wp-image-44" src="https://www.amvmeca.com/wp-content/uploads/2024/09/amvmeca-origine-france-garantie.jpg" alt="" width="150" height="164" />Le 26 juin 2012, <strong>AMVMECA</strong> a obtenu la certification Origine France Garantie, certifiant que nos produits sont fabriqués en France. Cette certification a été validée lors de l&rsquo;audit de suivi de juin 2013, 2014 et 2015.</p>
<p>Le 15 juillet 2012, <strong>AMVMECA</strong> déménage sur un nouveau site, entièrement créé autour de notre flux de production revu.</p>
</div></section></div>
